{"id":712,"date":"2012-08-11T13:08:52","date_gmt":"2012-08-11T12:08:52","guid":{"rendered":"http:\/\/www.cussac.eu\/?page_id=712"},"modified":"2020-09-28T14:53:38","modified_gmt":"2020-09-28T12:53:38","slug":"youth-alcohol-health","status":"publish","type":"page","link":"https:\/\/mariehelenecussac.eu\/?page_id=712","title":{"rendered":"youth &amp; alcohol \/ health"},"content":{"rendered":"<p>While working with Generation Europe Foundation, Marie-H\u00e9l\u00e8ne got particularly involved in debates about youth and alcohol. She&#8217;s been one of the rare young debate actors in and around the European Parliament to <strong>support responsible drinking policies<\/strong> over total alcohol prohibition.<\/p>\n<ul>\n<li style=\"list-style-type: none\">\n<ul>\n<li>Was 1 of the 2 external independent reviewers of the <a title=\"EASA Compliance Report on Alcohol Advertising Monitoring\" href=\"https:\/\/mariehelenecussac.eu\/wp-content\/uploads\/2012\/08\/EU-Beer-Report-Monitoring-20081.pdf\" target=\"_blank\" rel=\"noopener noreferrer\">2008 Compliance Report on Alcohol Advertising Monitoring<\/a>, for the <strong>European Advertising Standards Alliance<\/strong> (EASA), with press releases in:\n<ul>\n<li><a title=\"EASA - press release\" href=\"http:\/\/www.easa-alliance.org\/News\/Press-releases\/page.aspx\/47?xf_itemId=76&amp;xf_catId=2&amp;xf_overviewPageIndex=3\" target=\"_blank\" rel=\"noopener noreferrer\">EASA<\/a><\/li>\n<li><a title=\"Food &amp; Drink Europe press release\" href=\"http:\/\/www.foodanddrinkeurope.com\/Products-Marketing\/Report-claims-spirit-ad-responsibility-success\" target=\"_blank\" rel=\"noopener noreferrer\">Food &amp; Drink Europe<\/a><\/li>\n<li><a title=\"EFRD press release\" href=\"https:\/\/mariehelenecussac.eu\/wp-content\/uploads\/2012\/08\/pr-006-20081.pdf\" target=\"_blank\" rel=\"noopener noreferrer\">European Forum for Responsible Drinking<\/a><\/li>\n<\/ul>\n<\/li>\n<li>Design of the survey and management of the publication:\u00a0<em><a title=\"Youth Health Policy\" href=\"https:\/\/mariehelenecussac.eu\/wp-content\/uploads\/2012\/08\/Research_DG_Health_Survey-opt.pdf\" target=\"_blank\" rel=\"noopener noreferrer\">Youth Health Policy; For Young People By Young People<\/a><\/em> (2009) <em><a href=\"https:\/\/slideplayer.com\/slide\/744438\/\" target=\"_blank\" rel=\"noopener noreferrer\">SLIDE SHOW HERE<\/a><br \/>\n<\/em><\/li>\n<li>Speaker at the European Commission-led conference &#8220;Be Healthy, Be Yourself&#8221;: <a title=\"Education for Health?\" href=\"https:\/\/mariehelenecussac.eu\/wp-content\/uploads\/2012\/08\/Education-for-Health_GEF_MHC_July2009.pdf\" target=\"_blank\" rel=\"noopener noreferrer\"><em>Education as a driver for a better health. Which Education?<\/em><\/a> July 2009 (<a title=\"Be Healthy Be Yourself Conf Prog, July 09\" href=\"https:\/\/mariehelenecussac.eu\/wp-content\/uploads\/2012\/08\/conference-programme.pdf\" target=\"_blank\" rel=\"noopener noreferrer\">programme<\/a> &amp; <a title=\"Be Healthy Be Yourself Conf Prog, Speakers, July 09\" href=\"https:\/\/mariehelenecussac.eu\/wp-content\/uploads\/2012\/08\/theme6-annoted-programme.pdf\" target=\"_blank\" rel=\"noopener noreferrer\">speakers<\/a>)<\/li>\n<\/ul>\n<\/li>\n<\/ul>\n<p><a href=\"https:\/\/mariehelenecussac.eu\/wp-content\/uploads\/2012\/08\/EU-Beer-Report-Monitoring-20081.pdf\" target=\"_blank\" rel=\"noopener noreferrer\"><img loading=\"lazy\" decoding=\"async\" class=\"size-medium wp-image-1394 alignleft\" src=\"https:\/\/mariehelenecussac.eu\/wp-content\/uploads\/2020\/09\/AlcoholAdvertisingMonitoring_2008-211x300.png\" alt=\"Marie-Helene Cussac as reviewer of the Alcohol Advertising Monitoring Report 2008\" width=\"211\" height=\"300\" srcset=\"https:\/\/mariehelenecussac.eu\/wp-content\/uploads\/2020\/09\/AlcoholAdvertisingMonitoring_2008-211x300.png 211w, https:\/\/mariehelenecussac.eu\/wp-content\/uploads\/2020\/09\/AlcoholAdvertisingMonitoring_2008.png 315w\" sizes=\"auto, (max-width: 211px) 100vw, 211px\" \/> <\/a><a href=\"https:\/\/mariehelenecussac.eu\/wp-content\/uploads\/2012\/08\/Education-for-Health_GEF_MHC_July2009.pdf\" target=\"_blank\" rel=\"noopener noreferrer\"><img loading=\"lazy\" decoding=\"async\" class=\"size-medium wp-image-1398 alignleft\" src=\"https:\/\/mariehelenecussac.eu\/wp-content\/uploads\/2020\/09\/YouthHealthPolicy-ByYoungPeopleForYoungPeople-210x300.png\" alt=\"Marie-Helene Cussac writer of Youth Health Policy By Young People For Young People\" width=\"210\" height=\"300\" srcset=\"https:\/\/mariehelenecussac.eu\/wp-content\/uploads\/2020\/09\/YouthHealthPolicy-ByYoungPeopleForYoungPeople-210x300.png 210w, https:\/\/mariehelenecussac.eu\/wp-content\/uploads\/2020\/09\/YouthHealthPolicy-ByYoungPeopleForYoungPeople.png 248w\" sizes=\"auto, (max-width: 210px) 100vw, 210px\" \/><\/a><\/p>\n","protected":false},"excerpt":{"rendered":"<p>While working with Generation Europe Foundation, Marie-H\u00e9l\u00e8ne got particularly involved in debates about youth and alcohol. She&#8217;s been one of the rare young debate actors in and around the European &#8230;<\/p>\n","protected":false},"author":1,"featured_media":0,"parent":706,"menu_order":2,"comment_status":"open","ping_status":"open","template":"","meta":{"footnotes":""},"class_list":["post-712","page","type-page","status-publish","hentry"],"yoast_head":"<!-- This site is optimized with the Yoast SEO plugin v27.3 - https:\/\/yoast.com\/product\/yoast-seo-wordpress\/ -->\n<title>youth &amp; alcohol \/ health - Marie-H\u00e9l\u00e8ne Cussac<\/title>\n<meta name=\"robots\" content=\"index, follow, max-snippet:-1, max-image-preview:large, max-video-preview:-1\" \/>\n<link rel=\"canonical\" href=\"https:\/\/mariehelenecussac.eu\/?page_id=712\" \/>\n<meta property=\"og:locale\" content=\"en_GB\" \/>\n<meta property=\"og:type\" content=\"article\" \/>\n<meta property=\"og:title\" content=\"youth &amp; alcohol \/ health - Marie-H\u00e9l\u00e8ne Cussac\" \/>\n<meta property=\"og:description\" content=\"While working with Generation Europe Foundation, Marie-H\u00e9l\u00e8ne got particularly involved in debates about youth and alcohol. She&#8217;s been one of the rare young debate actors in and around the European ...\" \/>\n<meta property=\"og:url\" content=\"https:\/\/mariehelenecussac.eu\/?page_id=712\" \/>\n<meta property=\"og:site_name\" content=\"Marie-H\u00e9l\u00e8ne Cussac\" \/>\n<meta property=\"article:modified_time\" content=\"2020-09-28T12:53:38+00:00\" \/>\n<meta property=\"og:image\" content=\"https:\/\/mariehelenecussac.eu\/wp-content\/uploads\/2020\/09\/AlcoholAdvertisingMonitoring_2008-211x300.png\" \/>\n<meta name=\"twitter:card\" content=\"summary_large_image\" \/>\n<meta name=\"twitter:label1\" content=\"Estimated reading time\" \/>\n\t<meta name=\"twitter:data1\" content=\"1 minute\" \/>\n<script type=\"application\/ld+json\" class=\"yoast-schema-graph\">{\"@context\":\"https:\\\/\\\/schema.org\",\"@graph\":[{\"@type\":\"WebPage\",\"@id\":\"https:\\\/\\\/mariehelenecussac.eu\\\/?page_id=712\",\"url\":\"https:\\\/\\\/mariehelenecussac.eu\\\/?page_id=712\",\"name\":\"youth &amp; alcohol \\\/ health - Marie-H\u00e9l\u00e8ne Cussac\",\"isPartOf\":{\"@id\":\"https:\\\/\\\/mariehelenecussac.eu\\\/#website\"},\"primaryImageOfPage\":{\"@id\":\"https:\\\/\\\/mariehelenecussac.eu\\\/?page_id=712#primaryimage\"},\"image\":{\"@id\":\"https:\\\/\\\/mariehelenecussac.eu\\\/?page_id=712#primaryimage\"},\"thumbnailUrl\":\"https:\\\/\\\/mariehelenecussac.eu\\\/wp-content\\\/uploads\\\/2020\\\/09\\\/AlcoholAdvertisingMonitoring_2008-211x300.png\",\"datePublished\":\"2012-08-11T12:08:52+00:00\",\"dateModified\":\"2020-09-28T12:53:38+00:00\",\"breadcrumb\":{\"@id\":\"https:\\\/\\\/mariehelenecussac.eu\\\/?page_id=712#breadcrumb\"},\"inLanguage\":\"en-GB\",\"potentialAction\":[{\"@type\":\"ReadAction\",\"target\":[\"https:\\\/\\\/mariehelenecussac.eu\\\/?page_id=712\"]}]},{\"@type\":\"ImageObject\",\"inLanguage\":\"en-GB\",\"@id\":\"https:\\\/\\\/mariehelenecussac.eu\\\/?page_id=712#primaryimage\",\"url\":\"https:\\\/\\\/mariehelenecussac.eu\\\/wp-content\\\/uploads\\\/2020\\\/09\\\/AlcoholAdvertisingMonitoring_2008.png\",\"contentUrl\":\"https:\\\/\\\/mariehelenecussac.eu\\\/wp-content\\\/uploads\\\/2020\\\/09\\\/AlcoholAdvertisingMonitoring_2008.png\",\"width\":315,\"height\":447,\"caption\":\"Marie-Helene Cussac as reviewer of the Alcohol Advertising Monitoring Report 2008\"},{\"@type\":\"BreadcrumbList\",\"@id\":\"https:\\\/\\\/mariehelenecussac.eu\\\/?page_id=712#breadcrumb\",\"itemListElement\":[{\"@type\":\"ListItem\",\"position\":1,\"name\":\"Home\",\"item\":\"https:\\\/\\\/mariehelenecussac.eu\\\/\"},{\"@type\":\"ListItem\",\"position\":2,\"name\":\"eu affairs\",\"item\":\"https:\\\/\\\/mariehelenecussac.eu\\\/?page_id=17\"},{\"@type\":\"ListItem\",\"position\":3,\"name\":\"areas of expertise\",\"item\":\"https:\\\/\\\/mariehelenecussac.eu\\\/?page_id=706\"},{\"@type\":\"ListItem\",\"position\":4,\"name\":\"youth &amp; alcohol \\\/ health\"}]},{\"@type\":\"WebSite\",\"@id\":\"https:\\\/\\\/mariehelenecussac.eu\\\/#website\",\"url\":\"https:\\\/\\\/mariehelenecussac.eu\\\/\",\"name\":\"Marie-H\u00e9l\u00e8ne Cussac\",\"description\":\"Lead with empathy to unleash creativity\",\"publisher\":{\"@id\":\"https:\\\/\\\/mariehelenecussac.eu\\\/#organization\"},\"potentialAction\":[{\"@type\":\"SearchAction\",\"target\":{\"@type\":\"EntryPoint\",\"urlTemplate\":\"https:\\\/\\\/mariehelenecussac.eu\\\/?s={search_term_string}\"},\"query-input\":{\"@type\":\"PropertyValueSpecification\",\"valueRequired\":true,\"valueName\":\"search_term_string\"}}],\"inLanguage\":\"en-GB\"},{\"@type\":\"Organization\",\"@id\":\"https:\\\/\\\/mariehelenecussac.eu\\\/#organization\",\"name\":\"Marie-H\u00e9l\u00e8ne Cussac\",\"url\":\"https:\\\/\\\/mariehelenecussac.eu\\\/\",\"logo\":{\"@type\":\"ImageObject\",\"inLanguage\":\"en-GB\",\"@id\":\"https:\\\/\\\/mariehelenecussac.eu\\\/#\\\/schema\\\/logo\\\/image\\\/\",\"url\":\"https:\\\/\\\/mariehelenecussac.eu\\\/wp-content\\\/uploads\\\/2020\\\/09\\\/cropped-cropped-IMG_0148-1.jpg\",\"contentUrl\":\"https:\\\/\\\/mariehelenecussac.eu\\\/wp-content\\\/uploads\\\/2020\\\/09\\\/cropped-cropped-IMG_0148-1.jpg\",\"width\":2494,\"height\":559,\"caption\":\"Marie-H\u00e9l\u00e8ne Cussac\"},\"image\":{\"@id\":\"https:\\\/\\\/mariehelenecussac.eu\\\/#\\\/schema\\\/logo\\\/image\\\/\"}}]}<\/script>\n<!-- \/ Yoast SEO plugin. -->","yoast_head_json":{"title":"youth &amp; alcohol \/ health - Marie-H\u00e9l\u00e8ne Cussac","robots":{"index":"index","follow":"follow","max-snippet":"max-snippet:-1","max-image-preview":"max-image-preview:large","max-video-preview":"max-video-preview:-1"},"canonical":"https:\/\/mariehelenecussac.eu\/?page_id=712","og_locale":"en_GB","og_type":"article","og_title":"youth &amp; alcohol \/ health - Marie-H\u00e9l\u00e8ne Cussac","og_description":"While working with Generation Europe Foundation, Marie-H\u00e9l\u00e8ne got particularly involved in debates about youth and alcohol. She&#8217;s been one of the rare young debate actors in and around the European ...","og_url":"https:\/\/mariehelenecussac.eu\/?page_id=712","og_site_name":"Marie-H\u00e9l\u00e8ne Cussac","article_modified_time":"2020-09-28T12:53:38+00:00","og_image":[{"url":"https:\/\/mariehelenecussac.eu\/wp-content\/uploads\/2020\/09\/AlcoholAdvertisingMonitoring_2008-211x300.png","type":"","width":"","height":""}],"twitter_card":"summary_large_image","twitter_misc":{"Estimated reading time":"1 minute"},"schema":{"@context":"https:\/\/schema.org","@graph":[{"@type":"WebPage","@id":"https:\/\/mariehelenecussac.eu\/?page_id=712","url":"https:\/\/mariehelenecussac.eu\/?page_id=712","name":"youth &amp; alcohol \/ health - Marie-H\u00e9l\u00e8ne Cussac","isPartOf":{"@id":"https:\/\/mariehelenecussac.eu\/#website"},"primaryImageOfPage":{"@id":"https:\/\/mariehelenecussac.eu\/?page_id=712#primaryimage"},"image":{"@id":"https:\/\/mariehelenecussac.eu\/?page_id=712#primaryimage"},"thumbnailUrl":"https:\/\/mariehelenecussac.eu\/wp-content\/uploads\/2020\/09\/AlcoholAdvertisingMonitoring_2008-211x300.png","datePublished":"2012-08-11T12:08:52+00:00","dateModified":"2020-09-28T12:53:38+00:00","breadcrumb":{"@id":"https:\/\/mariehelenecussac.eu\/?page_id=712#breadcrumb"},"inLanguage":"en-GB","potentialAction":[{"@type":"ReadAction","target":["https:\/\/mariehelenecussac.eu\/?page_id=712"]}]},{"@type":"ImageObject","inLanguage":"en-GB","@id":"https:\/\/mariehelenecussac.eu\/?page_id=712#primaryimage","url":"https:\/\/mariehelenecussac.eu\/wp-content\/uploads\/2020\/09\/AlcoholAdvertisingMonitoring_2008.png","contentUrl":"https:\/\/mariehelenecussac.eu\/wp-content\/uploads\/2020\/09\/AlcoholAdvertisingMonitoring_2008.png","width":315,"height":447,"caption":"Marie-Helene Cussac as reviewer of the Alcohol Advertising Monitoring Report 2008"},{"@type":"BreadcrumbList","@id":"https:\/\/mariehelenecussac.eu\/?page_id=712#breadcrumb","itemListElement":[{"@type":"ListItem","position":1,"name":"Home","item":"https:\/\/mariehelenecussac.eu\/"},{"@type":"ListItem","position":2,"name":"eu affairs","item":"https:\/\/mariehelenecussac.eu\/?page_id=17"},{"@type":"ListItem","position":3,"name":"areas of expertise","item":"https:\/\/mariehelenecussac.eu\/?page_id=706"},{"@type":"ListItem","position":4,"name":"youth &amp; alcohol \/ health"}]},{"@type":"WebSite","@id":"https:\/\/mariehelenecussac.eu\/#website","url":"https:\/\/mariehelenecussac.eu\/","name":"Marie-H\u00e9l\u00e8ne Cussac","description":"Lead with empathy to unleash creativity","publisher":{"@id":"https:\/\/mariehelenecussac.eu\/#organization"},"potentialAction":[{"@type":"SearchAction","target":{"@type":"EntryPoint","urlTemplate":"https:\/\/mariehelenecussac.eu\/?s={search_term_string}"},"query-input":{"@type":"PropertyValueSpecification","valueRequired":true,"valueName":"search_term_string"}}],"inLanguage":"en-GB"},{"@type":"Organization","@id":"https:\/\/mariehelenecussac.eu\/#organization","name":"Marie-H\u00e9l\u00e8ne Cussac","url":"https:\/\/mariehelenecussac.eu\/","logo":{"@type":"ImageObject","inLanguage":"en-GB","@id":"https:\/\/mariehelenecussac.eu\/#\/schema\/logo\/image\/","url":"https:\/\/mariehelenecussac.eu\/wp-content\/uploads\/2020\/09\/cropped-cropped-IMG_0148-1.jpg","contentUrl":"https:\/\/mariehelenecussac.eu\/wp-content\/uploads\/2020\/09\/cropped-cropped-IMG_0148-1.jpg","width":2494,"height":559,"caption":"Marie-H\u00e9l\u00e8ne Cussac"},"image":{"@id":"https:\/\/mariehelenecussac.eu\/#\/schema\/logo\/image\/"}}]}},"_links":{"self":[{"href":"https:\/\/mariehelenecussac.eu\/index.php?rest_route=\/wp\/v2\/pages\/712","targetHints":{"allow":["GET"]}}],"collection":[{"href":"https:\/\/mariehelenecussac.eu\/index.php?rest_route=\/wp\/v2\/pages"}],"about":[{"href":"https:\/\/mariehelenecussac.eu\/index.php?rest_route=\/wp\/v2\/types\/page"}],"author":[{"embeddable":true,"href":"https:\/\/mariehelenecussac.eu\/index.php?rest_route=\/wp\/v2\/users\/1"}],"replies":[{"embeddable":true,"href":"https:\/\/mariehelenecussac.eu\/index.php?rest_route=%2Fwp%2Fv2%2Fcomments&post=712"}],"version-history":[{"count":4,"href":"https:\/\/mariehelenecussac.eu\/index.php?rest_route=\/wp\/v2\/pages\/712\/revisions"}],"predecessor-version":[{"id":1400,"href":"https:\/\/mariehelenecussac.eu\/index.php?rest_route=\/wp\/v2\/pages\/712\/revisions\/1400"}],"up":[{"embeddable":true,"href":"https:\/\/mariehelenecussac.eu\/index.php?rest_route=\/wp\/v2\/pages\/706"}],"wp:attachment":[{"href":"https:\/\/mariehelenecussac.eu\/index.php?rest_route=%2Fwp%2Fv2%2Fmedia&parent=712"}],"curies":[{"name":"wp","href":"https:\/\/api.w.org\/{rel}","templated":true}]}}