{"id":129,"date":"2009-06-16T15:53:36","date_gmt":"2009-06-16T14:53:36","guid":{"rendered":"http:\/\/www.cussac.eu\/?page_id=129"},"modified":"2020-09-28T15:03:08","modified_gmt":"2020-09-28T13:03:08","slug":"writing-editing-publishing","status":"publish","type":"page","link":"https:\/\/mariehelenecussac.eu\/?page_id=129","title":{"rendered":"writing . editing . publishing"},"content":{"rendered":"<p>editor &#8211; version fran\u00e7aise du livret de CD Transcriptions lyriques de la pianiste <a href=\"https:\/\/en.alissa-zoubritski.com\/\" target=\"_blank\" rel=\"noopener noreferrer\">Alissa Zoubritski<\/a> (\u00e0 para\u00eetre Printemps 2020)<\/p>\n<p>writer &#8211; English version of the biography of Soprano <a href=\"https:\/\/www.sophieboyersoprano.com\/\" target=\"_blank\" rel=\"noopener noreferrer\">Sophie Boyer<\/a>, 2016<\/p>\n<p><span style=\"color: #cc9966\"><a href=\"#anchor1\">writer-editor\u00a0\u00a0\u00a0\u00a0\u00a0\u00a0\u00a0\u00a0&#8211; the Europa Diary 2009-2010<br \/>\n<\/a><a href=\"#anchor2\">writer-editor\u00a0\u00a0\u00a0\u00a0\u00a0\u00a0\u00a0\u00a0&#8211; GE Vibes<br \/>\n<\/a><a href=\"#anchor3\">editor\u00a0\u00a0\u00a0\u00a0\u00a0\u00a0\u00a0\u00a0\u00a0\u00a0\u00a0\u00a0\u00a0\u00a0\u00a0\u00a0\u00a0 &#8211; pick of the week<br \/>\n<\/a><a href=\"#anchor4\">writer-editor\u00a0\u00a0\u00a0\u00a0\u00a0\u00a0\u00a0\u00a0&#8211; EUROPE <em>DIRECT<\/em> newsletter<br \/>\n<\/a><a href=\"#anchor5\">project manager\u00a0 &#8211; Visions of Europe<br \/>\n<\/a><a href=\"#anchor6\">writer-editor\u00a0\u00a0\u00a0\u00a0\u00a0\u00a0\u00a0\u00a0&#8211; the Sound of Europe<\/a><\/span><\/p>\n<div><\/div>\n<div>\n<table border=\"0\" width=\"790\">\n<tbody>\n<tr>\n<td><img loading=\"lazy\" decoding=\"async\" class=\"alignnone size-full wp-image-1160\" src=\"https:\/\/mariehelenecussac.eu\/wp-content\/uploads\/2009\/09\/europadiary_frontpage_small.jpg\" alt=\"\" width=\"200\" height=\"281\" \/><\/td>\n<td><strong><a name=\"anchor1\"><\/a><\/strong><a title=\"GEF Europa Diary\" href=\"http:\/\/www.generation-europe.eu\/what-we-do\/our-projects\/europa-diary\/\" target=\"_blank\" rel=\"noopener noreferrer\"><strong>t h e\u00a0\u00a0\u00a0 E u r o p a\u00a0\u00a0\u00a0\u00a0 D\u00a0i a r y<br \/>\n<\/strong><\/a>Editor<\/p>\n<ul>\n<li>diary for the 15 &#8211; 18 year-olds (mostly used by the A-level, Leaving Cert&#8217;, Abitur, Baccalaur\u00e9at, etc. pupils)<\/li>\n<li>96 A5 pages of editorial content preceding the calendar pages of the Diary<\/li>\n<li>daily communication with 14 Directorates General of the European Commission about the editorial content of 57 texts<\/li>\n<li>print run of 3.3 million copies<\/li>\n<li>management of the editorial team : writers, proofreaders, graphic designers, etc. while writing and proofreading myself<\/li>\n<li>creation of the Style Guide for the Europa Diary<\/li>\n<\/ul>\n<p>The Europa Diary <a title=\"Europa Diary\" href=\"http:\/\/ec.europa.eu\/consumers\/europadiary\/index_en.htm\" target=\"_blank\" rel=\"noopener noreferrer\">this year available here<\/a>.<\/td>\n<\/tr>\n<\/tbody>\n<\/table>\n<\/div>\n<p>&nbsp;<\/p>\n<table border=\"0\">\n<tbody>\n<tr>\n<td><a href=\"http:\/\/www.generation-europe.eu.com\"><strong><img loading=\"lazy\" decoding=\"async\" class=\"alignleft wp-image-137\" title=\"GE Vibes\" src=\"https:\/\/mariehelenecussac.eu\/wp-content\/uploads\/2009\/06\/sans-titre.bmp\" alt=\"GE Vibes - October 2008\" width=\"99\" height=\"152\" \/><\/strong><\/a><\/td>\n<td><strong><a name=\"anchor2\"><\/a><\/strong><strong>G E\u00a0\u00a0\u00a0 V i b e s<\/strong><br \/>\nCreator of GE Vibes, the monthly newsletter for the Generation Europe Online Community (6,000 members) in English &#8211; magazine\u00a0launched in March 2008<\/p>\n<ul>\n<li>choice of the graphic design<\/li>\n<li>conception : sections + editorial policy<\/li>\n<li>launch in September 2008 of a page in another language than English in the EU Bubbles section. Each month, a young author is invited to cover a topic of his\/her choice in his\/her mother tongue. The English translation is available on the Generation Europe website.<\/li>\n<li>writing of 80% of the articles, in English<\/li>\n<li>permanent contact with the members of the GE Community, in particular with the GE Ambassadors<\/li>\n<\/ul>\n<\/td>\n<\/tr>\n<\/tbody>\n<\/table>\n<p style=\"text-align: left\"><strong>\u00a0<\/strong><\/p>\n<p><a name=\"anchor3\"><\/a><a title=\"Pick of the Week\" href=\"http:\/\/www.generation-europe.eu.com\" target=\"_blank\" rel=\"noopener noreferrer\"><strong>p i c k \u00a0\u00a0 o f\u00a0\u00a0 \u00a0t h e\u00a0\u00a0\u00a0 w e e k<\/strong><\/a><br \/>\nInitiator of the section \u00ab Pick of the week \u00bb on the homepage of the Generation Europe Foundation website &#8211; launched in September 2008<\/p>\n<ul>\n<li>daily review of the European press (in English, French and German min.)<\/li>\n<li>posting online &#8211; every 2 or 3 days &#8211; of a selection of articles interesting to the 19-29 and calling for reflection, be it about European politics and policies, or on the spirit of enterprise<\/li>\n<\/ul>\n<table border=\"0\">\n<tbody>\n<tr>\n<td><a href=\"https:\/\/mariehelenecussac.eu\/wp-content\/uploads\/2009\/06\/EDNewsletter-images.jpg\"><img loading=\"lazy\" decoding=\"async\" class=\"alignleft size-thumbnail wp-image-740\" title=\"EDNewsletter-images\" src=\"https:\/\/mariehelenecussac.eu\/wp-content\/uploads\/2009\/06\/EDNewsletter-images-150x150.jpg\" alt=\"\" width=\"150\" height=\"150\" \/><\/a><\/td>\n<td><a name=\"anchor4\"><\/a><a title=\"Europe Direct newsletters\" href=\"http:\/\/ec.europa.eu\/europedirect\/visit_us\/newsletter\/index_en.htm\" target=\"_blank\" rel=\"noopener noreferrer\"><strong>E U R O P E \u00a0\u00a0 <em>D I R E C T<\/em> n e w s l e t t e r<br \/>\n<\/strong><\/a>Editor<br \/>\nMonthly newsletter &#8211; in charge of the 3 language editions : DE &#8211; EN &#8211; FR<br \/>\nFrom January 2006 to November 2007<br \/>\nWithin the framework of a service contract between the Development Office of the College of Europe and the Directorate General for Communication of the European Commission<\/p>\n<ul>\n<li>conception : sections + editorial policy \/ advice to the Directorate General for Communication of the European Commission<\/li>\n<li>creator of the EUROSCOPE section in 2007<\/li>\n<li>writing of 90% of the articles, in English<\/li>\n<li>in regular contact with the members of the EUROPE <em>DIRECT<\/em> Network : about 450 Relays and 380 European Documentation Centres, and Team Europe members<\/li>\n<\/ul>\n<\/td>\n<\/tr>\n<\/tbody>\n<\/table>\n<p>&nbsp;<\/p>\n<table border=\"0\">\n<tbody>\n<tr>\n<td><img loading=\"lazy\" decoding=\"async\" class=\"alignnone size-full wp-image-1156\" src=\"https:\/\/mariehelenecussac.eu\/wp-content\/uploads\/2009\/09\/visionsdeurope_small.jpg\" alt=\"\" width=\"150\" height=\"237\" \/><\/td>\n<td><a name=\"anchor5\"><\/a><a title=\"Visions of Europe\" href=\"http:\/\/www.coleurop.be\/template.asp?pagename=pub_books&amp;sub=visions-of-europe\" target=\"_blank\" rel=\"noopener noreferrer\"><strong>V i s i o n s\u00a0\u00a0\u00a0\u00a0 o f\u00a0\u00a0\u00a0\u00a0E u r o p e<br \/>\n<\/strong><\/a>Project manager<br \/>\nOctober 2005 to November 2007<br \/>\nManuscript edited by Prof. Bronislaw Geremek and Prof. Robert Picht<br \/>\nPublished in French by the <a title=\"Visions d'Europe\" href=\"http:\/\/dev.odilejacob.fr\/0207\/2409\/Visions-d%92Europe.html\" target=\"_blank\" rel=\"noopener noreferrer\"><strong>Editions Odile Jacob<\/strong> <\/a>publishing house in September 2007<br \/>\nEnglish edition yet to be published<\/p>\n<ul>\n<li>organisation of conferences and public debates on various European topics: e.g. multicultural Europe, the question of European identity, social Europe, the reform of the EU Institutions, etc.<\/li>\n<li>manager of the contractual relations with authors, translators and the publishing house<\/li>\n<li>possible to <a title=\"order on Amazon\" href=\"http:\/\/www.amazon.fr\/Visions-dEurope-Bronislaw-Geremek\/dp\/2738120113\/ref=sr_1_2?ie=UTF8&amp;s=books&amp;qid=1253732091&amp;sr=1-2\" target=\"_blank\" rel=\"noopener noreferrer\"><strong>order online<\/strong><\/a><\/li>\n<\/ul>\n<\/td>\n<\/tr>\n<\/tbody>\n<\/table>\n<p>&nbsp;<\/p>\n<p>&nbsp;<\/p>\n<table border=\"0\">\n<tbody>\n<tr>\n<td><img loading=\"lazy\" decoding=\"async\" class=\"alignnone size-full wp-image-1142\" src=\"https:\/\/mariehelenecussac.eu\/wp-content\/uploads\/2009\/09\/cover_eesc-c-2006-05-en.jpg\" alt=\"\" width=\"120\" height=\"170\" \/><\/td>\n<td><a name=\"anchor6\"><\/a><a title=\"conclusions of the Sound of Europe conference\" href=\"http:\/\/www.eesc.europa.eu\/documents\/publications\/pdf\/pamphlets\/EESC-C-2006-05-EN.pdf\" target=\"_blank\" rel=\"noopener noreferrer\"><strong>T h e\u00a0\u00a0\u00a0\u00a0 S o u n d\u00a0\u00a0\u00a0 o f\u00a0\u00a0 \u00a0E u r o p e<\/strong><\/a><br \/>\nIn charge of writing the verbatim and the conclusions of the opening conference of the Austrian Presidency of the EU &#8220;The Sound of Europe&#8221; (Salzburg, 27-28 January 2006)<br \/>\nSeptember 2005 &#8211; March 2006<\/p>\n<ul>\n<li>recruitment and management of a minutes takers team<\/li>\n<li>management of minutes taking, recording of all conference proceedings during the two-day conference<\/li>\n<li>drafting of the verbatim and of the conference conclusions<\/li>\n<li>close cooperation with the Bundeskanzleramt in Vienna (the Federal Chancellery) and the European Economic and Social Committee in Brussels<\/li>\n<\/ul>\n<p>Volume I gives the verbatim and is registered under the ISBN no. 92-830-0611-9.<br \/>\nVolume II gives the <a title=\"Conclusions of the Sound of Europe conference\" href=\"http:\/\/www.eesc.europa.eu\/documents\/publications\/pdf\/pamphlets\/EESC-C-2006-05-EN.pdf\" target=\"_blank\" rel=\"noopener noreferrer\"><strong>conclusions of the Conference<\/strong> <\/a>and is published as part of the EECS Special Reviews, catalogue no.: <a title=\"conclusions of the Sound of Europe conference\" href=\"http:\/\/www.eesc.europa.eu\/documents\/publications\/pdf\/pamphlets\/EESC-C-2006-05-EN.pdf\" target=\"_blank\" rel=\"noopener noreferrer\"><strong>EESC &#8211; C-2006-05-EN<\/strong><\/a>.<a name=\"anchor1\"><\/a><\/td>\n<\/tr>\n<\/tbody>\n<\/table>\n","protected":false},"excerpt":{"rendered":"<p>editor &#8211; version fran\u00e7aise du livret de CD Transcriptions lyriques de la pianiste Alissa Zoubritski (\u00e0 para\u00eetre Printemps 2020) writer &#8211; English version of the biography of Soprano Sophie Boyer, &#8230;<\/p>\n","protected":false},"author":1,"featured_media":0,"parent":17,"menu_order":3,"comment_status":"open","ping_status":"open","template":"","meta":{"footnotes":""},"class_list":["post-129","page","type-page","status-publish","hentry"],"yoast_head":"<!-- This site is optimized with the Yoast SEO plugin v27.3 - https:\/\/yoast.com\/product\/yoast-seo-wordpress\/ -->\n<title>writing . editing . publishing - Marie-H\u00e9l\u00e8ne Cussac<\/title>\n<meta name=\"robots\" content=\"index, follow, max-snippet:-1, max-image-preview:large, max-video-preview:-1\" \/>\n<link rel=\"canonical\" href=\"https:\/\/mariehelenecussac.eu\/?page_id=129\" \/>\n<meta property=\"og:locale\" content=\"en_GB\" \/>\n<meta property=\"og:type\" content=\"article\" \/>\n<meta property=\"og:title\" content=\"writing . editing . publishing - Marie-H\u00e9l\u00e8ne Cussac\" \/>\n<meta property=\"og:description\" content=\"editor &#8211; version fran\u00e7aise du livret de CD Transcriptions lyriques de la pianiste Alissa Zoubritski (\u00e0 para\u00eetre Printemps 2020) writer &#8211; English version of the biography of Soprano Sophie Boyer, ...\" \/>\n<meta property=\"og:url\" content=\"https:\/\/mariehelenecussac.eu\/?page_id=129\" \/>\n<meta property=\"og:site_name\" content=\"Marie-H\u00e9l\u00e8ne Cussac\" \/>\n<meta property=\"article:modified_time\" content=\"2020-09-28T13:03:08+00:00\" \/>\n<meta property=\"og:image\" content=\"https:\/\/mariehelenecussac.eu\/wp-content\/uploads\/2009\/09\/europadiary_frontpage_small.jpg\" \/>\n<meta name=\"twitter:card\" content=\"summary_large_image\" \/>\n<meta name=\"twitter:label1\" content=\"Estimated reading time\" \/>\n\t<meta name=\"twitter:data1\" content=\"3 minutes\" \/>\n<script type=\"application\/ld+json\" class=\"yoast-schema-graph\">{\"@context\":\"https:\\\/\\\/schema.org\",\"@graph\":[{\"@type\":\"WebPage\",\"@id\":\"https:\\\/\\\/mariehelenecussac.eu\\\/?page_id=129\",\"url\":\"https:\\\/\\\/mariehelenecussac.eu\\\/?page_id=129\",\"name\":\"writing . editing . publishing - Marie-H\u00e9l\u00e8ne Cussac\",\"isPartOf\":{\"@id\":\"https:\\\/\\\/mariehelenecussac.eu\\\/#website\"},\"primaryImageOfPage\":{\"@id\":\"https:\\\/\\\/mariehelenecussac.eu\\\/?page_id=129#primaryimage\"},\"image\":{\"@id\":\"https:\\\/\\\/mariehelenecussac.eu\\\/?page_id=129#primaryimage\"},\"thumbnailUrl\":\"https:\\\/\\\/mariehelenecussac.eu\\\/wp-content\\\/uploads\\\/2009\\\/09\\\/europadiary_frontpage_small.jpg\",\"datePublished\":\"2009-06-16T14:53:36+00:00\",\"dateModified\":\"2020-09-28T13:03:08+00:00\",\"breadcrumb\":{\"@id\":\"https:\\\/\\\/mariehelenecussac.eu\\\/?page_id=129#breadcrumb\"},\"inLanguage\":\"en-GB\",\"potentialAction\":[{\"@type\":\"ReadAction\",\"target\":[\"https:\\\/\\\/mariehelenecussac.eu\\\/?page_id=129\"]}]},{\"@type\":\"ImageObject\",\"inLanguage\":\"en-GB\",\"@id\":\"https:\\\/\\\/mariehelenecussac.eu\\\/?page_id=129#primaryimage\",\"url\":\"https:\\\/\\\/mariehelenecussac.eu\\\/wp-content\\\/uploads\\\/2009\\\/09\\\/europadiary_frontpage_small.jpg\",\"contentUrl\":\"https:\\\/\\\/mariehelenecussac.eu\\\/wp-content\\\/uploads\\\/2009\\\/09\\\/europadiary_frontpage_small.jpg\",\"width\":200,\"height\":281},{\"@type\":\"BreadcrumbList\",\"@id\":\"https:\\\/\\\/mariehelenecussac.eu\\\/?page_id=129#breadcrumb\",\"itemListElement\":[{\"@type\":\"ListItem\",\"position\":1,\"name\":\"Home\",\"item\":\"https:\\\/\\\/mariehelenecussac.eu\\\/\"},{\"@type\":\"ListItem\",\"position\":2,\"name\":\"eu affairs\",\"item\":\"https:\\\/\\\/mariehelenecussac.eu\\\/?page_id=17\"},{\"@type\":\"ListItem\",\"position\":3,\"name\":\"writing . editing . publishing\"}]},{\"@type\":\"WebSite\",\"@id\":\"https:\\\/\\\/mariehelenecussac.eu\\\/#website\",\"url\":\"https:\\\/\\\/mariehelenecussac.eu\\\/\",\"name\":\"Marie-H\u00e9l\u00e8ne Cussac\",\"description\":\"Lead with empathy to unleash creativity\",\"publisher\":{\"@id\":\"https:\\\/\\\/mariehelenecussac.eu\\\/#organization\"},\"potentialAction\":[{\"@type\":\"SearchAction\",\"target\":{\"@type\":\"EntryPoint\",\"urlTemplate\":\"https:\\\/\\\/mariehelenecussac.eu\\\/?s={search_term_string}\"},\"query-input\":{\"@type\":\"PropertyValueSpecification\",\"valueRequired\":true,\"valueName\":\"search_term_string\"}}],\"inLanguage\":\"en-GB\"},{\"@type\":\"Organization\",\"@id\":\"https:\\\/\\\/mariehelenecussac.eu\\\/#organization\",\"name\":\"Marie-H\u00e9l\u00e8ne Cussac\",\"url\":\"https:\\\/\\\/mariehelenecussac.eu\\\/\",\"logo\":{\"@type\":\"ImageObject\",\"inLanguage\":\"en-GB\",\"@id\":\"https:\\\/\\\/mariehelenecussac.eu\\\/#\\\/schema\\\/logo\\\/image\\\/\",\"url\":\"https:\\\/\\\/mariehelenecussac.eu\\\/wp-content\\\/uploads\\\/2020\\\/09\\\/cropped-cropped-IMG_0148-1.jpg\",\"contentUrl\":\"https:\\\/\\\/mariehelenecussac.eu\\\/wp-content\\\/uploads\\\/2020\\\/09\\\/cropped-cropped-IMG_0148-1.jpg\",\"width\":2494,\"height\":559,\"caption\":\"Marie-H\u00e9l\u00e8ne Cussac\"},\"image\":{\"@id\":\"https:\\\/\\\/mariehelenecussac.eu\\\/#\\\/schema\\\/logo\\\/image\\\/\"}}]}<\/script>\n<!-- \/ Yoast SEO plugin. -->","yoast_head_json":{"title":"writing . editing . publishing - Marie-H\u00e9l\u00e8ne Cussac","robots":{"index":"index","follow":"follow","max-snippet":"max-snippet:-1","max-image-preview":"max-image-preview:large","max-video-preview":"max-video-preview:-1"},"canonical":"https:\/\/mariehelenecussac.eu\/?page_id=129","og_locale":"en_GB","og_type":"article","og_title":"writing . editing . publishing - Marie-H\u00e9l\u00e8ne Cussac","og_description":"editor &#8211; version fran\u00e7aise du livret de CD Transcriptions lyriques de la pianiste Alissa Zoubritski (\u00e0 para\u00eetre Printemps 2020) writer &#8211; English version of the biography of Soprano Sophie Boyer, ...","og_url":"https:\/\/mariehelenecussac.eu\/?page_id=129","og_site_name":"Marie-H\u00e9l\u00e8ne Cussac","article_modified_time":"2020-09-28T13:03:08+00:00","og_image":[{"url":"https:\/\/mariehelenecussac.eu\/wp-content\/uploads\/2009\/09\/europadiary_frontpage_small.jpg","type":"","width":"","height":""}],"twitter_card":"summary_large_image","twitter_misc":{"Estimated reading time":"3 minutes"},"schema":{"@context":"https:\/\/schema.org","@graph":[{"@type":"WebPage","@id":"https:\/\/mariehelenecussac.eu\/?page_id=129","url":"https:\/\/mariehelenecussac.eu\/?page_id=129","name":"writing . editing . publishing - Marie-H\u00e9l\u00e8ne Cussac","isPartOf":{"@id":"https:\/\/mariehelenecussac.eu\/#website"},"primaryImageOfPage":{"@id":"https:\/\/mariehelenecussac.eu\/?page_id=129#primaryimage"},"image":{"@id":"https:\/\/mariehelenecussac.eu\/?page_id=129#primaryimage"},"thumbnailUrl":"https:\/\/mariehelenecussac.eu\/wp-content\/uploads\/2009\/09\/europadiary_frontpage_small.jpg","datePublished":"2009-06-16T14:53:36+00:00","dateModified":"2020-09-28T13:03:08+00:00","breadcrumb":{"@id":"https:\/\/mariehelenecussac.eu\/?page_id=129#breadcrumb"},"inLanguage":"en-GB","potentialAction":[{"@type":"ReadAction","target":["https:\/\/mariehelenecussac.eu\/?page_id=129"]}]},{"@type":"ImageObject","inLanguage":"en-GB","@id":"https:\/\/mariehelenecussac.eu\/?page_id=129#primaryimage","url":"https:\/\/mariehelenecussac.eu\/wp-content\/uploads\/2009\/09\/europadiary_frontpage_small.jpg","contentUrl":"https:\/\/mariehelenecussac.eu\/wp-content\/uploads\/2009\/09\/europadiary_frontpage_small.jpg","width":200,"height":281},{"@type":"BreadcrumbList","@id":"https:\/\/mariehelenecussac.eu\/?page_id=129#breadcrumb","itemListElement":[{"@type":"ListItem","position":1,"name":"Home","item":"https:\/\/mariehelenecussac.eu\/"},{"@type":"ListItem","position":2,"name":"eu affairs","item":"https:\/\/mariehelenecussac.eu\/?page_id=17"},{"@type":"ListItem","position":3,"name":"writing . editing . publishing"}]},{"@type":"WebSite","@id":"https:\/\/mariehelenecussac.eu\/#website","url":"https:\/\/mariehelenecussac.eu\/","name":"Marie-H\u00e9l\u00e8ne Cussac","description":"Lead with empathy to unleash creativity","publisher":{"@id":"https:\/\/mariehelenecussac.eu\/#organization"},"potentialAction":[{"@type":"SearchAction","target":{"@type":"EntryPoint","urlTemplate":"https:\/\/mariehelenecussac.eu\/?s={search_term_string}"},"query-input":{"@type":"PropertyValueSpecification","valueRequired":true,"valueName":"search_term_string"}}],"inLanguage":"en-GB"},{"@type":"Organization","@id":"https:\/\/mariehelenecussac.eu\/#organization","name":"Marie-H\u00e9l\u00e8ne Cussac","url":"https:\/\/mariehelenecussac.eu\/","logo":{"@type":"ImageObject","inLanguage":"en-GB","@id":"https:\/\/mariehelenecussac.eu\/#\/schema\/logo\/image\/","url":"https:\/\/mariehelenecussac.eu\/wp-content\/uploads\/2020\/09\/cropped-cropped-IMG_0148-1.jpg","contentUrl":"https:\/\/mariehelenecussac.eu\/wp-content\/uploads\/2020\/09\/cropped-cropped-IMG_0148-1.jpg","width":2494,"height":559,"caption":"Marie-H\u00e9l\u00e8ne Cussac"},"image":{"@id":"https:\/\/mariehelenecussac.eu\/#\/schema\/logo\/image\/"}}]}},"_links":{"self":[{"href":"https:\/\/mariehelenecussac.eu\/index.php?rest_route=\/wp\/v2\/pages\/129","targetHints":{"allow":["GET"]}}],"collection":[{"href":"https:\/\/mariehelenecussac.eu\/index.php?rest_route=\/wp\/v2\/pages"}],"about":[{"href":"https:\/\/mariehelenecussac.eu\/index.php?rest_route=\/wp\/v2\/types\/page"}],"author":[{"embeddable":true,"href":"https:\/\/mariehelenecussac.eu\/index.php?rest_route=\/wp\/v2\/users\/1"}],"replies":[{"embeddable":true,"href":"https:\/\/mariehelenecussac.eu\/index.php?rest_route=%2Fwp%2Fv2%2Fcomments&post=129"}],"version-history":[{"count":3,"href":"https:\/\/mariehelenecussac.eu\/index.php?rest_route=\/wp\/v2\/pages\/129\/revisions"}],"predecessor-version":[{"id":1405,"href":"https:\/\/mariehelenecussac.eu\/index.php?rest_route=\/wp\/v2\/pages\/129\/revisions\/1405"}],"up":[{"embeddable":true,"href":"https:\/\/mariehelenecussac.eu\/index.php?rest_route=\/wp\/v2\/pages\/17"}],"wp:attachment":[{"href":"https:\/\/mariehelenecussac.eu\/index.php?rest_route=%2Fwp%2Fv2%2Fmedia&parent=129"}],"curies":[{"name":"wp","href":"https:\/\/api.w.org\/{rel}","templated":true}]}}